{"id":18,"date":"2021-07-20T06:41:10","date_gmt":"2021-07-20T06:41:10","guid":{"rendered":"https:\/\/neoocular.qodeinteractive.com\/?post_type=product&#038;p=18"},"modified":"2025-08-28T06:40:09","modified_gmt":"2025-08-28T04:40:09","slug":"cottet-barcelona","status":"publish","type":"product","link":"https:\/\/opticasbluevision.com\/index.php\/product\/cottet-barcelona\/","title":{"rendered":"Cottet Barcelona"},"content":{"rendered":"<p>Dise\u00f1ados para corregir un solo rango de visi\u00f3n, ya sea de lejos o de cerca, los lentes monofocales son ideales para quienes buscan una soluci\u00f3n \u00f3ptica sencilla y eficaz. Fabricados con materiales ligeros y resistentes, ofrecen comodidad y claridad visual en todo momento.<\/p>\n","protected":false},"excerpt":{"rendered":"<p>Dise\u00f1ados para corregir un solo rango de visi\u00f3n, ya sea de lejos o de cerca, los lentes monofocales son ideales para quienes buscan una soluci\u00f3n \u00f3ptica sencilla y eficaz. Fabricados con materiales ligeros y resistentes, ofrecen comodidad y claridad visual en todo momento.<\/p>\n","protected":false},"featured_media":8892,"comment_status":"open","ping_status":"closed","template":"","meta":[],"product_brand":[],"product_cat":[28,45],"product_tag":[33,47],"class_list":{"0":"post-18","1":"product","2":"type-product","3":"status-publish","4":"has-post-thumbnail","6":"product_cat-cat-eye","7":"product_cat-round","8":"product_tag-frame","9":"product_tag-stripe","11":"first","12":"instock","13":"shipping-taxable","14":"purchasable","15":"product-type-simple"},"_links":{"self":[{"href":"https:\/\/opticasbluevision.com\/index.php\/wp-json\/wp\/v2\/product\/18","targetHints":{"allow":["GET"]}}],"collection":[{"href":"https:\/\/opticasbluevision.com\/index.php\/wp-json\/wp\/v2\/product"}],"about":[{"href":"https:\/\/opticasbluevision.com\/index.php\/wp-json\/wp\/v2\/types\/product"}],"replies":[{"embeddable":true,"href":"https:\/\/opticasbluevision.com\/index.php\/wp-json\/wp\/v2\/comments?post=18"}],"wp:featuredmedia":[{"embeddable":true,"href":"https:\/\/opticasbluevision.com\/index.php\/wp-json\/wp\/v2\/media\/8892"}],"wp:attachment":[{"href":"https:\/\/opticasbluevision.com\/index.php\/wp-json\/wp\/v2\/media?parent=18"}],"wp:term":[{"taxonomy":"product_brand","embeddable":true,"href":"https:\/\/opticasbluevision.com\/index.php\/wp-json\/wp\/v2\/product_brand?post=18"},{"taxonomy":"product_cat","embeddable":true,"href":"https:\/\/opticasbluevision.com\/index.php\/wp-json\/wp\/v2\/product_cat?post=18"},{"taxonomy":"product_tag","embeddable":true,"href":"https:\/\/opticasbluevision.com\/index.php\/wp-json\/wp\/v2\/product_tag?post=18"}],"curies":[{"name":"wp","href":"https:\/\/api.w.org\/{rel}","templated":true}]}}