{"id":20,"date":"2021-07-20T07:29:10","date_gmt":"2021-07-20T07:29:10","guid":{"rendered":"https:\/\/neoocular.qodeinteractive.com\/?post_type=product&#038;p=20"},"modified":"2025-08-28T10:48:11","modified_gmt":"2025-08-28T08:48:11","slug":"slim-eyeglasses","status":"publish","type":"product","link":"https:\/\/opticasbluevision.com\/index.php\/product\/slim-eyeglasses\/","title":{"rendered":"Slim Eyeglasses"},"content":{"rendered":"<p>Un dise\u00f1o atemporal que nunca pasa de moda, la montura estilo aviador combina l\u00edneas delgadas y sofisticadas con un toque retro. Ideal para quienes buscan un look moderno y vers\u00e1til. Disponible en acabados met\u00e1licos como dorado, plateado y negro mate.<\/p>\n","protected":false},"excerpt":{"rendered":"<p>Un dise\u00f1o atemporal que nunca pasa de moda, la montura estilo aviador combina l\u00edneas delgadas y sofisticadas con un toque retro. Ideal para quienes buscan un look moderno y vers\u00e1til. Disponible en acabados met\u00e1licos como dorado, plateado y negro mate.<\/p>\n","protected":false},"featured_media":8890,"comment_status":"open","ping_status":"closed","template":"","meta":[],"product_brand":[],"product_cat":[28,45],"product_tag":[33,47],"class_list":{"0":"post-20","1":"product","2":"type-product","3":"status-publish","4":"has-post-thumbnail","6":"product_cat-cat-eye","7":"product_cat-round","8":"product_tag-frame","9":"product_tag-stripe","11":"first","12":"outofstock","13":"sale","14":"shipping-taxable","15":"purchasable","16":"product-type-variable"},"_links":{"self":[{"href":"https:\/\/opticasbluevision.com\/index.php\/wp-json\/wp\/v2\/product\/20","targetHints":{"allow":["GET"]}}],"collection":[{"href":"https:\/\/opticasbluevision.com\/index.php\/wp-json\/wp\/v2\/product"}],"about":[{"href":"https:\/\/opticasbluevision.com\/index.php\/wp-json\/wp\/v2\/types\/product"}],"replies":[{"embeddable":true,"href":"https:\/\/opticasbluevision.com\/index.php\/wp-json\/wp\/v2\/comments?post=20"}],"wp:featuredmedia":[{"embeddable":true,"href":"https:\/\/opticasbluevision.com\/index.php\/wp-json\/wp\/v2\/media\/8890"}],"wp:attachment":[{"href":"https:\/\/opticasbluevision.com\/index.php\/wp-json\/wp\/v2\/media?parent=20"}],"wp:term":[{"taxonomy":"product_brand","embeddable":true,"href":"https:\/\/opticasbluevision.com\/index.php\/wp-json\/wp\/v2\/product_brand?post=20"},{"taxonomy":"product_cat","embeddable":true,"href":"https:\/\/opticasbluevision.com\/index.php\/wp-json\/wp\/v2\/product_cat?post=20"},{"taxonomy":"product_tag","embeddable":true,"href":"https:\/\/opticasbluevision.com\/index.php\/wp-json\/wp\/v2\/product_tag?post=20"}],"curies":[{"name":"wp","href":"https:\/\/api.w.org\/{rel}","templated":true}]}}